rime factors of f?
2, 67
Let x(v) = -622*v**2 - 11*v - 16. Let b(q) = -623*q**2 - 11*q - 14. Let i(l) = -3*b(l) + 2*x(l). List the prime factors of i(-1).
2, 3, 13
Suppose -4*m + 104688 = -4*d, 25720 - 130408 = -4*m + 5*d. Suppose -m = -7*a - 72659. What are the prime factors of a/(-58) - (14/(-4) - -2)?
2, 29
Suppose 3*v - 49*v = -1735550 - 453406. List the prime factors of v.
2, 3, 7, 11, 103
Suppose -4*v = -2*v - 2*n - 11746, -2*v + 5*n = -11737. Suppose 258*p - 271*p = -v. What are the prime factors of p?
2, 113
Suppose q = m + m - 18, 0 = -3*m + 3*q + 30. Suppose 4*w - 4*v + m = 0, -5 = -5*w + 3*v - v. Suppose 435 - 123 = w*l. What are the prime factors of l?
2, 13
Suppose -29*v - 21204 = -4964. Let t = 1247 + v. What are the prime factors of t?
3, 229
Let d(m) = -m**3 + 9*m**2 + 15*m - 22. Let y be d(9). Suppose -8*p = -641 + y. List the prime factors of p.
2, 3, 11
Suppose 2*g - 9 = l + 4*g, -2*g - 53 = 5*l. Let r be l + 9 - (-4 + 2*-1). Suppose r*y - 616 = -4*i - 156, -2*y - 4*i = -234. What are the prime factors of y?
113
Suppose -72*x + 4324954 + 1343998 = 966488. List the prime factors of x.
2, 13, 157
Suppose 5*t - 744 = 2*s + 285, -6 = 3*s. Suppose -845 = -5*j + t. Let l = 294 - j. List the prime factors of l.
2, 3, 7
Suppose -4*s - 3259 = -3*h + 438, 6*s - 30 = 0. What are the prime factors of h?
3, 7, 59
Let j = -399 + 1059. Suppose -n = -j - 230. What are the prime factors of n?
2, 5, 89
Let h be 300*(24/(-5))/((-2)/5). Suppose -15*a - h = -20*a. What are the prime factors of a?
2, 3, 5
Suppose 3*s - 193539 = -4*x, 359*x + 48379 = 360*x - 5*s. What are the prime factors of x?
2, 3, 7
Suppose 199*d = 202*d - 60. Suppose 0 = -3*o + 9, d*f - 19*f - o - 127 = 0. List the prime factors of f.
2, 5, 13
Suppose 11*v - 7*v - 16 = 0. Suppose k + j + 1 = 3, 10 = 2*k - v*j. Suppose -2*a = -k*x + 73 + 45, a + 2 = 0. What are the prime factors of x?
2, 19
Let g be 36*(-9)/(135/(-155)). Suppose -2*d = 3*l - g, 3*l = 47 - 35. List the prime factors of d.
2, 3, 5
Let q = 10087 - 3190. What are the prime factors of q?
3, 11, 19
Let r = -290 + 322. Suppose 7*w - r*w = -20725. What are the prime factors of w?
829
List the prime factors of (-25864)/14*364/(-104) - 9.
11, 587
Let n(u) = -56*u - 93. Let b be n(-4). Let s = 137 + -226. Let p = b + s. What are the prime factors of p?
2, 3, 7
Suppose 49*y - 92238 = 227*y - 869920. What are the prime factors of y?
17, 257
Let y be (2 - 0)/(3515/(-1172) - -3). Suppose -1877 = -21*q + y. What are the prime factors of q?
3, 67
Let g be (6/(-2))/6 - (-270)/20. Let t(y) = 2*y - 36. Let r be t(g). Let k = 46 + r. What are the prime factors of k?
2, 3
Let v = -204 - -29. Let m = v - -407. What are the prime factors of m?
2, 29
Let x = -4996 - -9349. What are the prime factors of x?
3, 1451
Suppose -8*t - 2*p + 314136 = 0, t - 179*p + 184*p - 39267 = 0. What are the prime factors of t?
3, 4363
Let j = -84996 - -141900. List the prime factors of j.
2, 3, 2371
Let a be 1 - (6 - 4) - -126. Suppose 2*y - 2*u - a = -y, -70 = -2*y + 4*u. List the prime factors of y.
3, 5
Suppose -114059 - 34429 = -19*g - 29548. List the prime factors of g.
2, 5, 313
Suppose 3*o + 9*r - 1030 = 8*r, o + r - 340 = 0. Suppose 0*j + j + 1705 = 5*t, -t + o = -j. What are the prime factors of t?
2, 5, 17
Let m be (-14 - -12)*-5*(-1)/(-2). Let l(k) = 10*k**2 + 21*k - 100. List the prime factors of l(m).
3, 5, 17
Suppose -897*c + 603*c + 6142836 = 0. List the prime factors of c.
2, 31, 337
Let q(r) = -4*r**3 + 272*r**2 + 149*r - 108. What are the prime factors of q(64)?
2, 3, 6247
Suppose 5*f + 114 - 29 = 0. Let g(v) = v**2 + 13*v - 18. Let k be g(f). Let r = 136 - k. List the prime factors of r.
2, 43
Let x be ((-6)/2 - (-6 + 7))*-19. Let y be ((-22)/(-6))/((-3)/27). Let c = x + y. What are the prime factors of c?
43
Suppose -20*g = -9*g - 23*g + 9144. What are the prime factors of g?
2, 3, 127
Suppose 0 = 2*a - 4*n - 88250, -3*a - 3*n = -91179 - 41196. List the prime factors of a.
5, 353
Let l(v) = 2*v**2 + v - 5. Let d be l(-4). Suppose -4*r - 65 = r + 5*k, r = 4*k - d. List the prime factors of 20 + r/(-25) + 13/(-5).
2, 3
Suppose -u + 4217 = -h, -4237 = -4*u + 3*u - 3*h. List the prime factors of u.
2, 2111
Let y(x) be the first derivative of x**4/2 - 4*x**3/3 + 5*x**2/2 - 7*x + 80. What are the prime factors of y(5)?
2, 3, 7
Let d = -164 - -76. Let m = 315 + d. What are the prime factors of m?
227
Suppose -4*c - 3*f + 108907 = 0, -68709 - 67421 = -5*c - 5*f. What are the prime factors of c?
73, 373
Let p = 1216 + 1813. List the prime factors of p.
13, 233
Let r(b) = -610*b - 374. List the prime factors of r(-23).
2, 3, 569
Suppose 0 = 6*z - 11*z - 13660. Let n be 13/39 + 4*2/12. List the prime factors of n/(-24)*z - (-2)/12.
2, 3, 19
Suppose 0 = -8*w + 33297 + 238375. Suppose -56*i = -w - 46961. List the prime factors of i.
5, 17
What are the prime factors of 17/51*6 + 0 + 5970?
2, 1493
Let w(v) = 3*v**2 + 11*v + 6. Suppose -18 = -3*y + o + 26, -4 = 2*o. Let m(i) = i**2 - 14*i - 8. Let a be m(y). What are the prime factors of w(a)?
2, 5, 11
Suppose -4*l - 12 - 2 = -5*y, y - 5*l = 7. Suppose 0 = 3*f + y*g - 320, 0*g + 4*g + 8 = 0. What are the prime factors of f?
2, 3
Suppose 3*v = 3*s - 177486, 1672 = 3*s + 4*v - 175821. List the prime factors of s.
3, 13, 37, 41
Let h = 117567 - 74721. What are the prime factors of h?
2, 3, 37, 193
Let n(i) be the third derivative of i**5/20 - 5*i**4/24 + 11*i**3/6 + 187*i**2. Let y be (3/(-4))/((-3)/12). What are the prime factors of n(y)?
23
Suppose 79 = -5*o + 19. Let d(h) = -h - 10. Let v be d(o). Suppose -4*n - 2*q = -v*n - 212, -554 = -5*n + q. What are the prime factors of n?
2, 5, 11
Let j(x) = x**3 - 60*x + 2 - 4*x**2 - 2*x**2 + 79*x. List the prime factors of j(7).
2, 23
Let d(j) = 5*j - 85. Let u be d(17). Suppose -30*p + 2968 + 7382 = u. List the prime factors of p.
3, 5, 23
Let g(b) = -7 - 2*b**2 - 5*b + 3 - 350*b**3 - 17*b**3 - 178*b**3. What are the prime factors of g(-1)?
2, 17
Let j(x) = -8*x + 31. Let t be j(-7). Suppose 0 = 4*w - 3*m + 62, 5*w + t - 12 = 5*m. Let p = w - -71. What are the prime factors of p?
2, 3
Let d(f) = 182*f - 865. List the prime factors of d(89).
3, 19, 269
Let r be (-1 - -4) + (7 - 8). Let o be r/(5/(9 + -4)). List the prime factors of 150 + ((-77)/33 - o/(-6)).
2, 37
Let a = -210819 + 298901. List the prime factors of a.
2, 44041
Let g = -12 + 15. Let s be ((-1)/g)/(6/(-36)). Suppose -4*x - 98 = -s*u + x, 4*u - x = 232. List the prime factors of u.
59
Let w = -10 - -13. Suppose 0 = -25*g + 26*g - 4, -w*g = -5*y + 5003. List the prime factors of y.
17, 59
Let w be (3/2 + -1)*120. Let b be (3 - (-70)/(-28))*0. Suppose 4*m = x + 120, -2*m - 2*x + b*x = -w. What are the prime factors of m?
2, 3, 5
Let r(v) = 3373*v**2 + 128*v - 518. List the prime factors of r(4).
2, 26981
Suppose 0 = -g + 3. Suppose 48 = -g*r - 0*r + 5*i, 0 = -4*i. What are the prime factors of ((-315)/(-28))/((-6)/r)?
2, 3, 5
Suppose -3*p = -4*t - 528, -6*p - 5*t + 352 = -4*p. Let f = 282 - p. What are the prime factors of f?
2, 53
Let o be -1697 - (-8 - 6)/(-7). Let z = o - -2460. What are the prime factors of z?
761
Let o(g) = -18 + 16*g - 8 + 13*g - 6. Let p be o(4). Suppose -4*v + p = -2*d, -d = -5 + 9. What are the prime factors of v?
19
Let n(g) = 3*g - 2. Let m be n(2). Suppose -m*l + 1647 = 3*j, -l + 295 = -j - 108. What are the prime factors of l?
2, 3, 17
Let x(w) = -4*w + w**2 + 46 - 80 - 6*w. What are the prime factors of x(27)?
5, 17
Suppose 4 = -3*u + 16. Let f(c) = 2*c + u*c - 8 - c + 0*c. What are the prime factors of f(21)?
97
List the prime factors of (174/24)/((-39391)/(-7876) + -5).
29, 179
Let y be (0 + 1)*1/3*15. Suppose -278 = -3*p - 4*z, -y*z + 97 = p - 3. List the prime factors of (11 - 10)*(-1 + p).
89
Suppose -2*r - 45664 = -4*z - z, r = -z - 22846. Let u = 168 + -175. List the prime factors of (-5)/u + -1 - r/126.
181
Let m = -101 + -25. Let j = -98 - m. List the prime factors of j.
2, 7
Let a = 9 - 8. Let v be 8/(-2) - (1 - a). What are the prime factors of ((-16)/5)/v*55?
2, 11
Let c(s) = 50*s - 6. Let z(h) = 5*h**2 - 8*h**2 + 7*h**2 + 12*h + 8*h**2 + 12 + h**3. Let d be z(-11). What are the prime factors of c(d)?
2, 11
Suppose 16*h + 3123 = -11533. Let d = -47